3 - -25) + 19.
12
What is the value of 2 + -1 + -8 + -2 + 3 - -18?
12
Calculate (-38 - -36) + 2 + 22 + 12 + -14.
20
What is the value of -10 + 2 + 35 + (-40 - -33)?
20
1 + (-11 - (-1 - 2)) + 5 + 5
3
(-4 - -1) + (11 - -52) + -60
0
What is the value of (-18 - 2) + 24 + -24?
-20
Evaluate -3 + -2 - 0 - (93 - 101).
3
What is 3 + -20 - (-44 + 46)?
-19
What is (9 - -6) + -1 + -28?
-14
What is the value of -28 + 9 - (-11 - (3 + -6))?
-11
Evaluate -26 + 24 - (-9 + 0 + 1).
6
What is 9 + 14 - (-1 - (3 + -15))?
12
Calculate -5 - 2 - (-3 + 6 + -2 + 6).
-14
What is 3 - 1 - (9 - 1) - -17?
11
What is 0 - 15 - (-45 - (22 - 55))?
-3
Calculate 32 - 19 - 18 - (-4 + 7).
-8
Evaluate -10 + -1 + 13 + (13 - 21).
-6
What is the value of 1 + (-4 - -1 - -5) - (19 - 1)?
-15
5 + -3 + -17 - -18
3
-2 + 0 - (-12 - -2 - -16)
-8
Evaluate -25 + (-21 - -1) + (5 - (-6 + 0)).
-34
What is -11 + (-6 + 7 + 6 - 29)?
-33
What is the value of 31 + -1 + (928 - 977)?
-19
What is the value of 7 + (-11 + -8 + 8 - -7 - -4)?
7
Calculate -1 + (-7 + 6 - 6) + 7.
-1
8 + -16 + (-5 - (-15 + -5)) + 0
7
Evaluate -66 + 14 + 29 + 59.
36
Calculate 4 - ((-2 - -3) + (-116 - -106)).
13
Calculate (-5 - (0 + -6)) + -35 + 27.
-7
Calculate 0 - (11 - -17) - -8.
-20
7 + -9 + -4 + -19 + -1 + 3
-23
What is -286 + 300 - (19 - 1)?
-4
Calculate -15 - -6 - (10 - 15).
-4
Calculate 18 - 20 - (-5 + 17 + -4 + 0).
-10
(7 + 1 - (-345 + 365)) + 4
-8
15 - (10 - -9 - 16)
12
What is 15 - (21 + -27) - 6?
15
What is the value of (106 - (-10 + 99)) + 7 + -1?
23
Calculate 7 + -1 + -3 - 4 - -5.
4
19 + 1 + (11 - 2 - 8)
21
Evaluate (-2 - (19 + -7 - 3)) + -9 + 5.
-15
What is 8 + -9 + -2 + 9 + 10?
16
What is -15 + 15 + -13 + 6 - (0 + -3)?
-4
(-17 - -4) + 9 + 13 - -1
10
17 + -8 + -4 + -12
-7
What is 14 + -2 + -21 - -16?
7
(1 - -27) + 12 + -16
24
What is the value of 1 - -7 - (4 + -1) - (-59 + 66)?
-2
Evaluate 8 + 12 + -18 + (9 - 0).
11
Calculate (0 - -3 - (-47 - -52)) + 2 + 0.
0
Evaluate (-13 - 10) + 17 + -20 + (-3 - 0).
-29
1 + 15 + (14 - (-12 + 31)) - -1
12
What is 18 - (1 + 10 + -3 + -1 - -2)?
9
What is the value of -14 - (-12 - 1) - 10?
-11
(21 - 32) + 7 + 6 + -6
-4
What is the value of (-3 - (27 - 18)) + 12?
0
Evaluate 1 + (-8 - 0 - -11) + -18.
-14
Calculate (3 + -1 - (16 - (-13 - -23))) + -16.
-20
What is the value of -19 + (-8 - -11 - 7 - (3 + -13))?
-13
Calculate (0 - 1) + 0 - (36 + (-42 - -7)).
-2
What is the value of -1 + 2 - (-21 - (-21 - -8))?
9
What is -9 - 1 - (-2 - 2) - (-6 - -1)?
-1
Calculate (-13 - (-7 - (9 + -8 + 1))) + -3.
-7
What is the value of -41 - -51 - (-3 + -1 + (2 - 1))?
13
(-9 - -2) + (0 - -1) + 9
3
What is the value of -5 + 33 + -25 + -9?
-6
What is the value of (-1 + -7 - (-6 + -8)) + 14 - -3?
23
Calculate -28 + 37 + -52 + 30.
-13
What is -11 - (-11 + 10) - 3?
-13
What is the value of 6 + (1 - (-17 + 10) - -3)?
17
Calculate (0 - 1) + 10 - (-28 - -30).
7
What is the value of 5 + -18 + (0 - -2) + -3?
-14
What is the value of (-13 - -21) + 1 + 4 + -31?
-18
Evaluate -38 - (-2 + (5 - 19) + 9).
-31
Calculate 3001 + -3009 + (1 - 1) + 4 + 2.
-2
What is the value of 2 + -35 + (38 - 34)?
-29
Evaluate -29 - -28 - (-2 + -2 + 2) - 2.
-1
What is (-36 - -75) + -38 + 2 + -16?
-13
Calculate (-27 + 32 - 20) + -8.
-23
Evaluate 8 + -5 + -12 - -11.
2
What is -6 + 7 + 3 + -3 - -1?
2
8 - (18 - (-10 - -23))
3
What is -2 + -2 + 8 + 1?
5
Evaluate 1 - ((-3 - -1) + 83 + -84).
4
What is the value of (4 - 0) + -14 + 14 + -9 + 0?
-5
What is the value of 1 - (-10 - (0 - 13))?
-2
What is (-10 + -3 + 7 - -8) + -10 - 5?
-13
8 - (30 + -17) - (2 + -6)
-1
Evaluate (10 - 8 - -14) + -8.
8
-12 + 0 + 42 + -9 - -16
37
-4 + -3 - (-3 + 6 - 3)
-7
What is 76 - 84 - (2 + -1 + 1 - 9)?
-1
Evaluate -3 + (6 - 9) + -4 + (-1 - -18).
7
-13 + (23 - 19) - -8
-1
What is the value of (13 - 37) + (45 - 27)?
-6
Calculate -1 + -3 + (4 - (9 - -2)).
-11
What is the value of 7 + (-9 - (8 + 2 - 1))?
-11
(8 - (-5 + 8)) + 6 - (8 - 16)
19
What is -6 - (18 - (15 + -4)) - (-2 - 0)?
-11
Calculate (93 - 103) + (0 - 1) + 19.
8
(8 + -8 + 8 - 2) + -10
-4
Evaluate 13 + -1 - (-3 + 0) - (7 + -5).
13
Calculate (18 - 3 - 0 - 5) + -5 + -2.
3
What is the value of -14 + (1 + 12 - (14 - -8))?
-23
10 + -10 + 18 + -26
-8
Evaluate -10 + (6 + (0 - -32) - 0) + 0.
28
What is the value of (0 - 8 - (-15 + 6 + 10)) + -11?
-20
-10 + (16 - 6) + -22 + -5
-27
What is the value of 23 + (0 - -10) + -5 + 11 + -16?
23
Calculate (2 - (1 + 0 - (10 - 10))) + -4.
-3
30 + (-1 - -2) - ((56 - 43) + -8)
26
Evaluate -5 + 3 + (-6 - (13 - 7)) - -5.
-9
Evaluate 31 + 15 + -44 + (-6 - -2) + 2.
0
What is (-5 - -6 - (2 + -2 - -3)) + -6?
-8
What is (5 - (8 - 10)) + 4 - -11 - 12?
10
(-15 - (-18 - -3)) + (-3 - -2 - -13)
12
What is the value of (-1 - 1) + -2 - (38 + -55) - 5?
8
Calculate -13 - 4 - (-6 - 10 - -9).
-10
What is -3 + -2 + 4 - -4 - (7 + -1)?
-3
What is the value of -38 + 25 + 21 - 27?
-19
Evaluate (-30 - (18 - 19)) + 49.
20
3 - (8 - (-4 - (-20 - -1)))
10
Calculate 104 + -104 + (-1 - 10 - (-1 + 2)).
-12
What is the value of -2 + (9 + -25 - -10)?
-8
-26 + 79 + -3 + -27
23
What is (2 - -4) + -25 + 13 + 15?
9
What is -32 + (-7 - 9) + 31?
-17
Evaluate (12 - (11 + -7)) + (23 - 21).
10
What is the value of (0 - (1 + 11 + -11)) + (1 - -4)?
4
What is the value of 31 + -26 + (-7 - (0 + -2 + -5))?
5
Evaluate -14 + -13 + 57 - (-8 - -4 - 5).
39
Calculate -14 + (16 - 27 - -19).
-6
-13 + 20 + (9 - 24)
-8
Evaluate 26 + (-8 - 16) - (-9 + 2 + -4).
13
What is -10 + -7 + 23 + (-14 - -3 - 0)?
-5
Calculate 1 - (-2 - ((-6 - -10) + 6 + -5)).
8
What is (-2 - 14 - (174 + -184)) + -24?
-30
Evaluate -9 - (-13 + -10 - -6).
8
Evaluate -5 - -2 - (-4 - (-1 + 5 - -2)).
7
What is the value of 9 + -1 - 0 - (0 - 3)?
11
What is 8 + (28 - 2) + (6 - 10 - -4)?
34
What is -47 + 63 + -1 + -1 + 1 + 0?
15
What is 8 + 12 + -4 + -19?
-3
What is -11 - ((3 - 5) + (0 + 5 - 6))?
-8
Calculate -2 + (3 - (-3 + 4 + 6)).
-6
What is the value of -21 - -14 - -9 - -20?
22
What is the value of -6 - (2 - (5 + -3)) - (-5 - -3)?
-4
Evaluate 26 + 9 + (1 - 10) + -11.
15
What is (-2 - (-15 + (-5 - -16))) + (3 - -1)?
6
(-27 - -10) + 25 + -7 + -4 + 2
-1
Evaluate (2 - (-22 - -40)) + 12.
-4
Calculate -31 - -16 - -15 - -15.
15
-1 + -5 + 27 - (-1 - -2) - 5
15
(7 + 3 - (-6 + 10)) + -11
-5
Calculate 1 + (4 - -3) + 5 + -14.
-1
What is the value of 9 + 9 + (5 - 46) + 7?
-16
What is -7 + (0 - -4) + -6 + 4 + 5?
0
What is the value of -4 + (-1 - -3 - (21 - 12))?
-11
Evaluate 27 - (4 + -27 + 46).
4
(-10 - 0) + 347 + -328
9
What is the value of 3 - 2 - (-123 - -122)?
2
What is the value of -12 - ((0 - -9) + -19)?
-2
Evaluate -14 - (-4 + -8 + 5).
-7
(30 - 20) + -30 + 32
12
-6 - (74 + -82 - (-1 - 22))
-21
-27 + -14 + 41 + 23
23
What is 0 - ((-17 - -7) + 25)?
-15
(-7 - (-15 + -9 + 16)) + (-3 - 3)
-5
(-79 - -80 - (-2 - 6)) + (0 - 1)
8
What is the value of 16 - -17 - (-4 - -68)?
-31
5 + -11 + (10 + -1 - -9)
12
Evaluate 67 + -64 + 4 + -7 + 2.
2
(9 - 2) + (-5 - -2 - 5) + 3
2
Evaluate -6 + (5 - -6) - 5 - 13.
-13
-13 - (-69 + 75 - (-3 + (1 - -1)))
-20
Calculate -1 + -1 + 8 - (12 + -6).
0
What is the value of -4 - ((15 - -11) + -12)?
-18
What is the value of -11 + (8 - (-3 + -1 + 3) - 19)?
-21
(-7 - -2) + (3 + (1 - -1) - -16)
16
Calculate (-169 - -172) + (11 - -3) + 4.
21
What is the value of -13 + 11 + -4 - -1?
-5
What is 45 + -32 + (2 - (0 + -12))?
27
Calculate -3 - (-5 - -13) - (7 + -6).
-12
What is the value of (21 - 49) + 2 + 8 - -8?
-10
What is the value of 141 + -128 - (3 - 10)?
20
Calculate -9 - (-3 + (4 - (3 - -2))) - -13.
8
What is the value of (0 - 6) + -6 + (13 - (2 - 2))?
1
What is the value of (-2 - -1 - 8) + 10 + (-16 - -4)?
-11
Calculate 3 - (-10 + 2 + 17 - (2 + -1)).
-5
Calculate -2 - -7 - (670 - 670).
5
Evaluate 10 - (6 + 15 + -11 + 0).
0
56 - (34 + -7) - 7
22
What is -48 + 53 + 6 + 1 + (-1 - -24)?
35
Evaluate 2 + -17 + 15 - 15.
-15
Evaluate 32 + (16 - 30) + -1 + 15.
32
What is -26 + (-2 - -21) - (9 - 2)?
-14
Evaluate -18 + -14 + 40 - 2.
6
Evaluate 1 + -12 - (8 - (3 + 6)).
-10
What is the value of (58 + -29 - 12) + -1 + 3?
19
What is 4 + -9 + 13 - 0?
8
Evaluate 1 - 1 - (2 - ((-1 - 4) + 10)).
3
Evaluate -42 + 1 - (73 - 96).
-18
Evaluate -13 + -2 + 6 + -4 - -5.
-8
-23 - ((-2 - -9) + -13)
-17
Calculate -17 - (13 + -31 - (41 - 7)).
35
Calculate (-9 + 9 - 4) + (3 - 0) + -1.
-2
Calculate 